se 5) in base 16?
-83
What is 121 (base 4) in base 3?
221
What is -100 (base 7) in base 14?
-37
3 (base 11) to base 13
3
What is 301 (base 6) in base 13?
85
-10 (base 2) to base 3
-2
What is 2 (base 5) in base 9?
2
What is -4 (base 14) in base 3?
-11
Convert 4 (base 11) to base 10.
4
Convert 5 (base 10) to base 14.
5
Convert -31 (base 5) to base 14.
-12
Convert 1 (base 12) to base 14.
1
Convert 1100 (base 2) to base 15.
c
Convert -4 (base 13) to base 2.
-100
-26 (base 7) to base 9
-22
What is 151 (base 6) in base 15?
47
-7 (base 13) to base 4
-13
What is -1 (base 13) in base 16?
-1
-9 (base 15) to base 3
-100
What is 43 (base 7) in base 10?
31
Convert -1000010 (base 2) to base 15.
-46
41 (base 7) to base 15
1e
Convert -1f (base 16) to base 10.
-31
What is 6 (base 11) in base 9?
6
Convert -12 (base 3) to base 15.
-5
What is 111110 (base 2) in base 5?
222
Convert -14 (base 12) to base 10.
-16
-22 (base 3) to base 16
-8
Convert 57 (base 10) to base 5.
212
What is a (base 13) in base 3?
101
1113 (base 4) to base 16
57
Convert -77 (base 9) to base 12.
-5a
6 (base 13) to base 6
10
Convert -2 (base 12) to base 2.
-10
-3 (base 15) to base 9
-3
1 (base 7) to base 6
1
What is -172 (base 8) in base 12?
-a2
-5 (base 12) to base 8
-5
Convert -15 (base 11) to base 14.
-12
Convert 51 (base 14) to base 3.
2122
Convert 32 (base 13) to base 15.
2b
What is 1 (base 7) in base 6?
1
Convert 8 (base 16) to base 8.
10
-1132 (base 4) to base 11
-86
What is 213 (base 5) in base 10?
58
6 (base 7) to base 4
12
242 (base 10) to base 11
200
What is 10 (base 9) in base 16?
9
What is 13 (base 6) in base 11?
9
0 (base 13) to base 6
0
What is 11 (base 2) in base 16?
3
Convert 9 (base 14) to base 4.
21
Convert 12 (base 5) to base 10.
7
Convert -22 (base 8) to base 9.
-20
What is 12 (base 6) in base 14?
8
What is -43 (base 5) in base 3?
-212
38 (base 11) to base 14
2d
What is 0 (base 7) in base 13?
0
-23 (base 11) to base 9
-27
What is -3 (base 14) in base 11?
-3
Convert 1 (base 11) to base 7.
1
Convert 23 (base 6) to base 10.
15
What is -52 (base 15) in base 2?
-1001101
Convert 21 (base 3) to base 16.
7
Convert 1 (base 15) to base 4.
1
3 (base 12) to base 6
3
-142 (base 7) to base 9
-87
0 (base 12) to base 4
0
106 (base 7) to base 2
110111
-42 (base 5) to base 2
-10110
-56 (base 11) to base 16
-3d
What is 0 (base 3) in base 16?
0
Convert -ce (base 16) to base 14.
-10a
Convert 235 (base 12) to base 14.
197
-a5 (base 14) to base 8
-221
-112 (base 6) to base 14
-32
What is -10 (base 3) in base 11?
-3
What is -24 (base 11) in base 8?
-32
-14 (base 11) to base 8
-17
What is 1220 (base 3) in base 7?
102
What is -e (base 16) in base 15?
-e
Convert 6 (base 8) to base 3.
20
What is 1 (base 2) in base 11?
1
-101 (base 2) to base 9
-5
What is -101 (base 4) in base 14?
-13
Convert 0 (base 7) to base 14.
0
Convert 0 (base 5) to base 6.
0
-20 (base 4) to base 8
-10
Convert -1 (base 15) to base 10.
-1
Convert 6 (base 16) to base 13.
6
Convert 4 (base 15) to base 4.
10
Convert 4d (base 14) to base 9.
76
What is 2 (base 5) in base 12?
2
-1 (base 7) to base 5
-1
Convert -11111 (base 2) to base 12.
-27
What is 66 (base 8) in base 4?
312
-3 (base 11) to base 4
-3
-43 (base 14) to base 5
-214
Convert 52 (base 6) to base 9.
35
0 (base 12) to base 13
0
22 (base 4) to base 13
a
What is -1e (base 15) in base 14?
-21
Convert 37 (base 12) to base 10.
43
Convert 5 (base 7) to base 9.
5
-a6 (base 14) to base 12
-102
-21 (base 11) to base 14
-19
Convert -4 (base 13) to base 10.
-4
Convert 5 (base 14) to base 9.
5
-2 (base 15) to base 5
-2
Convert -2 (base 13) to base 10.
-2
Convert -215 (base 7) to base 5.
-420
What is -11 (base 2) in base 15?
-3
Convert 1b (base 13) to base 8.
30
-6 (base 9) to base 7
-6
-42 (base 12) to base 2
-110010
Convert 404 (base 6) to base 16.
94
Convert 19 (base 10) to base 2.
10011
What is 41 (base 6) in base 5?
100
Convert -6 (base 10) to base 14.
-6
Convert -302 (base 5) to base 3.
-2212
What is 2 (base 6) in base 4?
2
16 (base 13) to base 15
14
Convert 0 (base 15) to base 13.
0
-5 (base 7) to base 9
-5
-2 (base 11) to base 15
-2
What is -3c (base 14) in base 11?
-4a
131 (base 4) to base 14
21
Convert 133 (base 6) to base 14.
41
What is 11 (base 8) in base 15?
9
Convert -1 (base 6) to base 12.
-1
-19 (base 14) to base 12
-1b
What is 1e (base 15) in base 7?
41
Convert -232 (base 9) to base 8.
-277
What is 8b (base 14) in base 13?
96
What is -3 (base 15) in base 4?
-3
13 (base 12) to base 3
120
-4 (base 15) to base 2
-100
-2 (base 13) to base 14
-2
8e (base 16) to base 4
2032
What is -55 (base 15) in base 10?
-80
Convert -21 (base 5) to base 11.
-10
Convert -253 (base 6) to base 12.
-89
50 (base 7) to base 5
120
4 (base 14) to base 2
100
-7 (base 9) to base 5
-12
0 (base 9) to base 3
0
0 (base 15) to base 5
0
What is 7 (base 14) in base 5?
12
-13 (base 7) to base 11
-a
What is -3e (base 16) in base 14?
-46
Convert -2 (base 11) to base 7.
-2
3 (base 14) to base 3
10
Convert -6 (base 7) to base 8.
-6
What is -34 (base 12) in base 11?
-37
What is 0 (base 8) in base 3?
0
Convert -2 (base 6) to base 10.
-2
What is -3 (base 12) in base 13?
-3
-8 (base 12) to base 14
-8
2 (base 16) to base 2
10
13 (base 5) to base 10
8
What is 0 (base 15) in base 12?
0
36 (base 8) to base 6
50
What is 22 (base 12) in base 2?
11010
Convert -196 (base 15) to base 4.
-11232
Convert 5 (base 16) to base 2.
101
Convert -1130 (base 4) to base 15.
-62
Convert 242 (base 6) to base 13.
77
What is 102 (base 5) in base 3?
1000
What is 1011111 (base 2) in base 6?
235
What is -1 (base 6) in base 3?
-1
-10 (base 14) to base 3
-112
2 (base 10) to base 14
2
What is -101 (base 3) in base 16?
-a
Convert -129 (base 10) to base 2.
-10000001
What is c (base 15) in base 11?
11
-124 (base 7) to base 14
-4b
What is 11 (base 5) in base 14?
6
What is -1 (base 10) in base 14?
-1
Convert 53 (base 15) to base 16.
4e
What is 11 (base 15) in base 2?
10000
What is 1222 (base 4) in base 6?
254
1 (base 15) to base 6
1
1 (base 13) to base 3
1
Convert -3 (base 9) to base 2.
-11
-37 (base 14) to base 2
-110001
Convert 123 (base 8) to base 15.
58
3 (base 14) to base 4
3
What is -21 (base 15) in base 11?
-29
What is 1 (base 6) in base 5?
1
Convert 12 (base 11) to base 16.
d
What is 6 (base 9) in base 3?
20
-1 (base 8) to base 11
-1
-11 (base 2) to base 15
-3
0 (base 11) to base 10
0
Convert 1 (base 8) to base 15.
1
Convert 1222 (base 3) to base 4.
311
Convert 10212 (base 3) to base 5.
404
Convert 2 (base 5) to base 6.
2
What is -15 (base 9) in base 6?
-22
0 (base 3) to base 15
0
Convert 3 (base 16) to base 11.
3
Convert 32 (base 14) to base 10.
44
Convert 1 (base 10) to base 14.
1
Convert -9 (base 13) to base 2.
-1001
What is -10 (base 3) in base 6?
-3
Convert 33 (base 9) to base 12.
26
-5 (base 13) to base 9
-5
What is 0 (base 4) in base 2?
0
Convert -34 (base 6) to base 10.
-22
-11110 (base 2) to base 3
-1010
Convert 2 (base 13) to base 7.
2
What is 2 (base 13) in base 6?
2
Convert -10 (base 7) to base 16.
-7
Convert 57 (base 9) to base 4.
310
1 (base 14) to base 12
1
What is 20 (base 11) in base 12?
1a
Convert 3 (base 9) to base 8.
3
What is -2 (base 16) in base 3?
-2
118 (base 12) to base 5
1124
-10011001 (base 2) to base 4
-2121
Convert -53 (base 6) to base 8.
-41
Convert -68 (base 12) to base 7.
-143
What is 331 (base 6) in base 9?
151
Convert 10121 (base 3) to base 8.
141
What is 110101 (base 2) in base 14?
3b
241 (base 7) to base 15
87
What is -2 (base 13) in base 14?
-2
Convert 64 (base 9) to base 7.
112
What is -60 (base 12) in base 16?
-48
What is 0 (base 11) in base 7?
0
Convert -5b (base 13) to base 6.
-204
Convert -10 (base 4) to base 15.
-4
What is 10 (base 7) in base 9?
7
Convert 6 (base 12) to base 14.
6
What is b (base 15) in base 14?
b
2021 (base 3) to base 11
56
Convert 12002 (base 3) to base 13.
a7
Convert 131 (base 10) to base 2.
10000011
Convert 3 (base 13) to base 6.
3
What is -1 (base 4) in base 2?
-1
Convert -12 (base 3) to base 16.
-5
1 (base 10) to base 9
1
-5 (base 8) to base 12
-5
What is 5 (base 13) in base 15?
5
What is 3 (base 12) in base 3?
10
-121 (base 3) to base 8
-20
Convert -4 (base 10) to base 12.
-4
What is -3 (base 12) in base 4?
-3
Convert -210 (base 3) to base 14.
-17
8c (base 16) to base 2
100